{"id":896,"date":"2017-04-08T22:08:05","date_gmt":"2017-04-08T20:08:05","guid":{"rendered":"http:\/\/englishofcourse.fr\/?page_id=896"},"modified":"2025-12-27T09:47:40","modified_gmt":"2025-12-27T08:47:40","slug":"votre-satisfaction","status":"publish","type":"page","link":"https:\/\/englishofcourse.fr\/index.php\/votre-satisfaction\/","title":{"rendered":"Satisfaction Clients"},"content":{"rendered":"\n<h4 class=\"wp-block-heading has-text-align-center has-black-color has-text-color\"><span style=\"color: #black;\">R\u00e9sultats des questionnaires de satisfaction des stagiaires de English Of Course.<\/span><\/h4>\n\n\n\n<script defer async src='https:\/\/cdn.trustindex.io\/loader.js?a008c3f27afc5783cb86a288ef4'><\/script>\n\n\n\n<figure class=\"wp-block-image size-full\"><img loading=\"lazy\" decoding=\"async\" width=\"1722\" height=\"442\" src=\"https:\/\/englishofcourse.fr\/wp-content\/uploads\/2021\/05\/image-1.png\" alt=\"\" class=\"wp-image-1772\" srcset=\"https:\/\/englishofcourse.fr\/wp-content\/uploads\/2021\/05\/image-1.png 1722w, https:\/\/englishofcourse.fr\/wp-content\/uploads\/2021\/05\/image-1-300x77.png 300w, https:\/\/englishofcourse.fr\/wp-content\/uploads\/2021\/05\/image-1-1024x263.png 1024w, https:\/\/englishofcourse.fr\/wp-content\/uploads\/2021\/05\/image-1-768x197.png 768w, https:\/\/englishofcourse.fr\/wp-content\/uploads\/2021\/05\/image-1-1536x394.png 1536w, https:\/\/englishofcourse.fr\/wp-content\/uploads\/2021\/05\/image-1-830x213.png 830w, https:\/\/englishofcourse.fr\/wp-content\/uploads\/2021\/05\/image-1-230x59.png 230w, https:\/\/englishofcourse.fr\/wp-content\/uploads\/2021\/05\/image-1-350x90.png 350w, https:\/\/englishofcourse.fr\/wp-content\/uploads\/2021\/05\/image-1-480x123.png 480w\" sizes=\"(max-width: 1722px) 100vw, 1722px\" \/><\/figure>\n\n\n\n<figure class=\"wp-block-image size-full\"><img loading=\"lazy\" decoding=\"async\" width=\"1153\" height=\"485\" src=\"https:\/\/englishofcourse.fr\/wp-content\/uploads\/2025\/12\/Slide-1.jpg\" alt=\"\" class=\"wp-image-15456\" srcset=\"https:\/\/englishofcourse.fr\/wp-content\/uploads\/2025\/12\/Slide-1.jpg 1153w, https:\/\/englishofcourse.fr\/wp-content\/uploads\/2025\/12\/Slide-1-300x126.jpg 300w, https:\/\/englishofcourse.fr\/wp-content\/uploads\/2025\/12\/Slide-1-1024x431.jpg 1024w, https:\/\/englishofcourse.fr\/wp-content\/uploads\/2025\/12\/Slide-1-768x323.jpg 768w, https:\/\/englishofcourse.fr\/wp-content\/uploads\/2025\/12\/Slide-1-1000x421.jpg 1000w, https:\/\/englishofcourse.fr\/wp-content\/uploads\/2025\/12\/Slide-1-230x97.jpg 230w, https:\/\/englishofcourse.fr\/wp-content\/uploads\/2025\/12\/Slide-1-350x147.jpg 350w, https:\/\/englishofcourse.fr\/wp-content\/uploads\/2025\/12\/Slide-1-480x202.jpg 480w\" sizes=\"(max-width: 1153px) 100vw, 1153px\" \/><\/figure>\n\n\n\n<figure class=\"wp-block-image size-full\"><img loading=\"lazy\" decoding=\"async\" width=\"1153\" height=\"485\" src=\"https:\/\/englishofcourse.fr\/wp-content\/uploads\/2025\/12\/Slide-3.jpg\" alt=\"\" class=\"wp-image-15458\" srcset=\"https:\/\/englishofcourse.fr\/wp-content\/uploads\/2025\/12\/Slide-3.jpg 1153w, https:\/\/englishofcourse.fr\/wp-content\/uploads\/2025\/12\/Slide-3-300x126.jpg 300w, https:\/\/englishofcourse.fr\/wp-content\/uploads\/2025\/12\/Slide-3-1024x431.jpg 1024w, https:\/\/englishofcourse.fr\/wp-content\/uploads\/2025\/12\/Slide-3-768x323.jpg 768w, https:\/\/englishofcourse.fr\/wp-content\/uploads\/2025\/12\/Slide-3-1000x421.jpg 1000w, https:\/\/englishofcourse.fr\/wp-content\/uploads\/2025\/12\/Slide-3-230x97.jpg 230w, https:\/\/englishofcourse.fr\/wp-content\/uploads\/2025\/12\/Slide-3-350x147.jpg 350w, https:\/\/englishofcourse.fr\/wp-content\/uploads\/2025\/12\/Slide-3-480x202.jpg 480w\" sizes=\"(max-width: 1153px) 100vw, 1153px\" \/><figcaption class=\"wp-element-caption\"><br><br><\/figcaption><\/figure>\n\n\n\n<figure class=\"wp-block-image size-full\"><img loading=\"lazy\" decoding=\"async\" width=\"1153\" height=\"485\" src=\"https:\/\/englishofcourse.fr\/wp-content\/uploads\/2025\/12\/Slide-3.jpg\" alt=\"\" class=\"wp-image-15458\" srcset=\"https:\/\/englishofcourse.fr\/wp-content\/uploads\/2025\/12\/Slide-3.jpg 1153w, https:\/\/englishofcourse.fr\/wp-content\/uploads\/2025\/12\/Slide-3-300x126.jpg 300w, https:\/\/englishofcourse.fr\/wp-content\/uploads\/2025\/12\/Slide-3-1024x431.jpg 1024w, https:\/\/englishofcourse.fr\/wp-content\/uploads\/2025\/12\/Slide-3-768x323.jpg 768w, https:\/\/englishofcourse.fr\/wp-content\/uploads\/2025\/12\/Slide-3-1000x421.jpg 1000w, https:\/\/englishofcourse.fr\/wp-content\/uploads\/2025\/12\/Slide-3-230x97.jpg 230w, https:\/\/englishofcourse.fr\/wp-content\/uploads\/2025\/12\/Slide-3-350x147.jpg 350w, https:\/\/englishofcourse.fr\/wp-content\/uploads\/2025\/12\/Slide-3-480x202.jpg 480w\" sizes=\"(max-width: 1153px) 100vw, 1153px\" \/><\/figure>\n\n\n\n<figure class=\"wp-block-image size-full\"><img loading=\"lazy\" decoding=\"async\" width=\"1153\" height=\"485\" src=\"https:\/\/englishofcourse.fr\/wp-content\/uploads\/2025\/12\/Slide-4.jpg\" alt=\"\" class=\"wp-image-15459\" srcset=\"https:\/\/englishofcourse.fr\/wp-content\/uploads\/2025\/12\/Slide-4.jpg 1153w, https:\/\/englishofcourse.fr\/wp-content\/uploads\/2025\/12\/Slide-4-300x126.jpg 300w, https:\/\/englishofcourse.fr\/wp-content\/uploads\/2025\/12\/Slide-4-1024x431.jpg 1024w, https:\/\/englishofcourse.fr\/wp-content\/uploads\/2025\/12\/Slide-4-768x323.jpg 768w, https:\/\/englishofcourse.fr\/wp-content\/uploads\/2025\/12\/Slide-4-1000x421.jpg 1000w, https:\/\/englishofcourse.fr\/wp-content\/uploads\/2025\/12\/Slide-4-230x97.jpg 230w, https:\/\/englishofcourse.fr\/wp-content\/uploads\/2025\/12\/Slide-4-350x147.jpg 350w, https:\/\/englishofcourse.fr\/wp-content\/uploads\/2025\/12\/Slide-4-480x202.jpg 480w\" sizes=\"(max-width: 1153px) 100vw, 1153px\" \/><\/figure>\n\n\n\n<figure class=\"wp-block-image size-full\"><img loading=\"lazy\" decoding=\"async\" width=\"1350\" height=\"912\" src=\"https:\/\/englishofcourse.fr\/wp-content\/uploads\/2024\/04\/slide-9.jpg\" alt=\"\" class=\"wp-image-15335\" srcset=\"https:\/\/englishofcourse.fr\/wp-content\/uploads\/2024\/04\/slide-9.jpg 1350w, https:\/\/englishofcourse.fr\/wp-content\/uploads\/2024\/04\/slide-9-300x203.jpg 300w, https:\/\/englishofcourse.fr\/wp-content\/uploads\/2024\/04\/slide-9-1024x692.jpg 1024w, https:\/\/englishofcourse.fr\/wp-content\/uploads\/2024\/04\/slide-9-768x519.jpg 768w, https:\/\/englishofcourse.fr\/wp-content\/uploads\/2024\/04\/slide-9-830x561.jpg 830w, https:\/\/englishofcourse.fr\/wp-content\/uploads\/2024\/04\/slide-9-230x155.jpg 230w, https:\/\/englishofcourse.fr\/wp-content\/uploads\/2024\/04\/slide-9-350x236.jpg 350w, https:\/\/englishofcourse.fr\/wp-content\/uploads\/2024\/04\/slide-9-480x324.jpg 480w\" sizes=\"(max-width: 1350px) 100vw, 1350px\" \/><\/figure>\n\n\n\n<figure class=\"wp-block-image size-full\"><img loading=\"lazy\" decoding=\"async\" width=\"1153\" height=\"485\" src=\"https:\/\/englishofcourse.fr\/wp-content\/uploads\/2025\/12\/Slide-6.jpg\" alt=\"\" class=\"wp-image-15461\" srcset=\"https:\/\/englishofcourse.fr\/wp-content\/uploads\/2025\/12\/Slide-6.jpg 1153w, https:\/\/englishofcourse.fr\/wp-content\/uploads\/2025\/12\/Slide-6-300x126.jpg 300w, https:\/\/englishofcourse.fr\/wp-content\/uploads\/2025\/12\/Slide-6-1024x431.jpg 1024w, https:\/\/englishofcourse.fr\/wp-content\/uploads\/2025\/12\/Slide-6-768x323.jpg 768w, https:\/\/englishofcourse.fr\/wp-content\/uploads\/2025\/12\/Slide-6-1000x421.jpg 1000w, https:\/\/englishofcourse.fr\/wp-content\/uploads\/2025\/12\/Slide-6-230x97.jpg 230w, https:\/\/englishofcourse.fr\/wp-content\/uploads\/2025\/12\/Slide-6-350x147.jpg 350w, https:\/\/englishofcourse.fr\/wp-content\/uploads\/2025\/12\/Slide-6-480x202.jpg 480w\" sizes=\"(max-width: 1153px) 100vw, 1153px\" \/><\/figure>\n\n\n\n<figure class=\"wp-block-image size-full\"><img loading=\"lazy\" decoding=\"async\" width=\"1153\" height=\"485\" src=\"https:\/\/englishofcourse.fr\/wp-content\/uploads\/2025\/12\/Slide-7.jpg\" alt=\"\" class=\"wp-image-15462\" srcset=\"https:\/\/englishofcourse.fr\/wp-content\/uploads\/2025\/12\/Slide-7.jpg 1153w, https:\/\/englishofcourse.fr\/wp-content\/uploads\/2025\/12\/Slide-7-300x126.jpg 300w, https:\/\/englishofcourse.fr\/wp-content\/uploads\/2025\/12\/Slide-7-1024x431.jpg 1024w, https:\/\/englishofcourse.fr\/wp-content\/uploads\/2025\/12\/Slide-7-768x323.jpg 768w, https:\/\/englishofcourse.fr\/wp-content\/uploads\/2025\/12\/Slide-7-1000x421.jpg 1000w, https:\/\/englishofcourse.fr\/wp-content\/uploads\/2025\/12\/Slide-7-230x97.jpg 230w, https:\/\/englishofcourse.fr\/wp-content\/uploads\/2025\/12\/Slide-7-350x147.jpg 350w, https:\/\/englishofcourse.fr\/wp-content\/uploads\/2025\/12\/Slide-7-480x202.jpg 480w\" sizes=\"(max-width: 1153px) 100vw, 1153px\" \/><figcaption class=\"wp-element-caption\"><br><\/figcaption><\/figure>\n\n\n\n<figure class=\"wp-block-image size-full\"><img loading=\"lazy\" decoding=\"async\" width=\"1153\" height=\"485\" src=\"https:\/\/englishofcourse.fr\/wp-content\/uploads\/2025\/12\/Slide-8.jpg\" alt=\"\" class=\"wp-image-15463\" srcset=\"https:\/\/englishofcourse.fr\/wp-content\/uploads\/2025\/12\/Slide-8.jpg 1153w, https:\/\/englishofcourse.fr\/wp-content\/uploads\/2025\/12\/Slide-8-300x126.jpg 300w, https:\/\/englishofcourse.fr\/wp-content\/uploads\/2025\/12\/Slide-8-1024x431.jpg 1024w, https:\/\/englishofcourse.fr\/wp-content\/uploads\/2025\/12\/Slide-8-768x323.jpg 768w, https:\/\/englishofcourse.fr\/wp-content\/uploads\/2025\/12\/Slide-8-1000x421.jpg 1000w, https:\/\/englishofcourse.fr\/wp-content\/uploads\/2025\/12\/Slide-8-230x97.jpg 230w, https:\/\/englishofcourse.fr\/wp-content\/uploads\/2025\/12\/Slide-8-350x147.jpg 350w, https:\/\/englishofcourse.fr\/wp-content\/uploads\/2025\/12\/Slide-8-480x202.jpg 480w\" sizes=\"(max-width: 1153px) 100vw, 1153px\" \/><\/figure>\n\n\n\n<p class=\"has-text-align-right\"><em>Derni\u00e8re mise \u00e0 jour le 27\/12\/202<\/em>5<\/p>\n\n\n\n<p><\/p>\n","protected":false},"excerpt":{"rendered":"<p>R\u00e9sultats des questionnaires de satisfaction des stagiaires de English Of Course. Derni\u00e8re mise \u00e0 jour le 27\/12\/2025<\/p>\n","protected":false},"author":1,"featured_media":0,"parent":0,"menu_order":0,"comment_status":"closed","ping_status":"closed","template":"","meta":{"footnotes":""},"class_list":["post-896","page","type-page","status-publish","hentry"],"jetpack_sharing_enabled":true,"_links":{"self":[{"href":"https:\/\/englishofcourse.fr\/index.php\/wp-json\/wp\/v2\/pages\/896"}],"collection":[{"href":"https:\/\/englishofcourse.fr\/index.php\/wp-json\/wp\/v2\/pages"}],"about":[{"href":"https:\/\/englishofcourse.fr\/index.php\/wp-json\/wp\/v2\/types\/page"}],"author":[{"embeddable":true,"href":"https:\/\/englishofcourse.fr\/index.php\/wp-json\/wp\/v2\/users\/1"}],"replies":[{"embeddable":true,"href":"https:\/\/englishofcourse.fr\/index.php\/wp-json\/wp\/v2\/comments?post=896"}],"version-history":[{"count":33,"href":"https:\/\/englishofcourse.fr\/index.php\/wp-json\/wp\/v2\/pages\/896\/revisions"}],"predecessor-version":[{"id":15466,"href":"https:\/\/englishofcourse.fr\/index.php\/wp-json\/wp\/v2\/pages\/896\/revisions\/15466"}],"wp:attachment":[{"href":"https:\/\/englishofcourse.fr\/index.php\/wp-json\/wp\/v2\/media?parent=896"}],"curies":[{"name":"wp","href":"https:\/\/api.w.org\/{rel}","templated":true}]}}