{"id":2259,"date":"2021-07-15T14:25:17","date_gmt":"2021-07-15T12:25:17","guid":{"rendered":"https:\/\/englishofcourse.fr\/?page_id=2259"},"modified":"2026-01-06T13:24:52","modified_gmt":"2026-01-06T12:24:52","slug":"english-of-course-welcome-guide","status":"publish","type":"page","link":"https:\/\/englishofcourse.fr\/index.php\/english-of-course-welcome-guide\/","title":{"rendered":"English Of Course Welcome Guide"},"content":{"rendered":"<p>Retrouvez ci dessous le livret d&rsquo;accueil au format num\u00e9rique de English Of Course.<br \/>\nVous y trouverez de nombreuses informations telles que:<\/p>\n<p><span style=\"font-size: inherit;\">le <\/span><span style=\"color: #0000ff;\"><a style=\"color: #0000ff;\" href=\"https:\/\/englishofcourse.fr\/index.php\/reglement-interieur\/\" target=\"_blank\" rel=\"noopener\"><strong>r\u00e8glement int\u00e9rieu<\/strong><\/a><\/span><span style=\"font-size: inherit;\"><strong><span style=\"text-decoration: underline;\"><span style=\"color: #0000ff; text-decoration: underline;\">r<\/span><\/span><\/strong>, des ressources p\u00e9dagogiques, des liens vers des exercices de grammaire, de compr\u00e9hension \u00e9crite et orale ainsi que des vid\u00e9os et des podcasts audio.<\/span><\/p>\n<p>Finalement, vous trouverez des informations sur les niveaux du <span style=\"color: #0000ff;\"><strong><a style=\"color: #0000ff;\" href=\"https:\/\/englishofcourse.fr\/wp-content\/uploads\/2021\/05\/CECRL-copie-1.pdf\" target=\"_blank\" rel=\"noopener\">CECRL<\/a><\/strong><\/span> (A1 &#8211; C2) ainsi que des informations sur les certifications <a href=\"https:\/\/englishofcourse.fr\/index.php\/catalogue-formations\/formations-english360\/\" target=\"_blank\" rel=\"noopener\"><span style=\"color: #0000ff;\"><strong>ENGLISH 360\u00b0.<\/strong><\/span><\/a><\/p>\n<p><iframe loading=\"lazy\" src=\"https:\/\/player.flipsnack.com?hash=NkQ1OUE1RUVGQjUrejFteW5tdWJkYw==\" width=\"100%\" height=\"480\" frameborder=\"0\" scrolling=\"no\" seamless=\"seamless\" allowfullscreen=\"allowfullscreen\"><\/iframe><\/p>\n<p>T\u00e9l\u00e9chargez le livret d&rsquo;accueil <span style=\"color: #0000ff;\"><strong><a style=\"color: #0000ff;\" href=\"https:\/\/englishofcourse.fr\/wp-content\/uploads\/2021\/07\/Classeur-en-ligne-4.pdf\" target=\"_blank\" rel=\"noopener\">ici<\/a><\/strong><\/span> and be ready to start your English Training.<\/p>\n<p><em>Derni\u00e8re mise \u00e0 jour: 05\/01\/2025<\/em><\/p>\n","protected":false},"excerpt":{"rendered":"<p>Retrouvez ci dessous le livret d&rsquo;accueil au format num\u00e9rique de English Of Course. Vous y trouverez de nombreuses informations telles que: le r\u00e8glement int\u00e9rieur, des ressources p\u00e9dagogiques, des liens vers des exercices de grammaire, de compr\u00e9hension \u00e9crite et orale ainsi que des vid\u00e9os et des podcasts audio. Finalement, vous trouverez des informations sur les niveaux du CECRL (A1 &#8211; C2) ainsi que des informations sur les certifications ENGLISH 360\u00b0. T\u00e9l\u00e9chargez le livret d&rsquo;accueil ici and be ready to start your English Training. Derni\u00e8re mise \u00e0 jour: 05\/01\/2025<\/p>\n","protected":false},"author":1,"featured_media":0,"parent":0,"menu_order":0,"comment_status":"closed","ping_status":"closed","template":"","meta":{"footnotes":""},"class_list":["post-2259","page","type-page","status-publish","hentry"],"jetpack_sharing_enabled":true,"_links":{"self":[{"href":"https:\/\/englishofcourse.fr\/index.php\/wp-json\/wp\/v2\/pages\/2259"}],"collection":[{"href":"https:\/\/englishofcourse.fr\/index.php\/wp-json\/wp\/v2\/pages"}],"about":[{"href":"https:\/\/englishofcourse.fr\/index.php\/wp-json\/wp\/v2\/types\/page"}],"author":[{"embeddable":true,"href":"https:\/\/englishofcourse.fr\/index.php\/wp-json\/wp\/v2\/users\/1"}],"replies":[{"embeddable":true,"href":"https:\/\/englishofcourse.fr\/index.php\/wp-json\/wp\/v2\/comments?post=2259"}],"version-history":[{"count":14,"href":"https:\/\/englishofcourse.fr\/index.php\/wp-json\/wp\/v2\/pages\/2259\/revisions"}],"predecessor-version":[{"id":15472,"href":"https:\/\/englishofcourse.fr\/index.php\/wp-json\/wp\/v2\/pages\/2259\/revisions\/15472"}],"wp:attachment":[{"href":"https:\/\/englishofcourse.fr\/index.php\/wp-json\/wp\/v2\/media?parent=2259"}],"curies":[{"name":"wp","href":"https:\/\/api.w.org\/{rel}","templated":true}]}}